rmine r(-8).
-8
Suppose -64*b - 156 - 8714 = -951*b. Let q(k) = 10*k - 59. What is q(b)?
41
Suppose -12 = -2*l - 2*l + u, -20 = -4*l + 3*u. Suppose -11*m + 23 - 1 = 0. Let r(o) = 0 - o - 2 + 227*o**2 + o**3 - 227*o**m. What is r(l)?
4
Let r(i) = -2*i**2 - 3*i - 2. Suppose a + 0*m - 1 = -2*m, -2*a + 11 = -5*m. Suppose 6*o - a = 99. Suppose o*y - 18*y - 2 = 0. What is r(y)?
-4
Let k be 2*18/(-4) + (32 + 22 - 58). Let m(h) = 3*h + 12. Calculate m(k).
-27
Let t(q) = 40*q - 2. Let v(n) = 4*n + 1. Let h be ((-19 - -16) + (-7)/(-2))*-2. Let r(g) = h*t(g) - 3*v(g). What is r(-1)?
51
Let c = -607 + 609. Let m(n) = n**c + 13*n**3 - 2*n**2 + 0 - 12*n**3 + 1. Suppose 0*k - 3*k + 9 = -3*l, -2*l + 4 = 3*k. What is m(k)?
5
Let z(y) = -11*y + 135. Let g(p) = 1543*p - 10789. Let m be g(7). What is z(m)?
3
Suppose -2530*j = -2483*j + 94. Let r(v) = v**3 + 2*v**2 + 4*v + 4. Determine r(j).
-4
Suppose 0 = -5*j + 104*z - 102*z + 5, -j = 2*z + 11. Let y(f) = 21*f - 6. Let l(q) = 11*q - 3. Let n(s) = -11*l(s) + 6*y(s). What is n(j)?
-8
Suppose 182 = -31*v + 120. Let k(u) = 7*u + 8. What is k(v)?
-6
Let h(l) be the third derivative of -l**4/4 + 3*l**3/2 - 86*l**2. Suppose 3*k - t + 105 = 0, 0 = -2*k + t - 101 + 32. Let x be (-3)/(-12)*-10*k/15. Give h(x).
-27
Let o be 32/4 + (-2 - -1)*3. Suppose 0*m - o*m - 14 = -2*r, 2*m + 4 = 0. Let v(i) = 46 - 48 + 5*i - 2*i**r + 3*i**2. Determine v(-4).
-6
Let c(j) = -8*j + 75. Let b(g) = -32*g + 1961. Let a be b(61). Determine c(a).
3
Let p(g) = 20*g**2 + 112*g + 2. Let m(v) = 30*v**2 + 168*v + 3. Let k(s) = 5*m(s) - 8*p(s). Determine k(-6).
-25
Let x(w) = 2*w**2 - 434*w - 435. Let t be x(-1). Let a(c) = 75*c - 7. What is a(t)?
68
Let f(r) = 20 + 100 - 1 + 58*r + 235 + 17*r**2 - 16*r**2. Give f(-7).
-3
Let n(q) = q**3 + q**2 + q + 40. Let b(u) = 2*u**2 - 11*u - 51. Let m be b(-3). Give n(m).
40
Let a(u) = -5*u + 47. Let n = 7 + -13. Let i(k) = 4*k - 47. Let v(z) = n*a(z) - 7*i(z). Determine v(-24).
-1
Suppose 88*r = 87*r + 4*a - 30, -2*r - a + 12 = 0. Let g(c) be the third derivative of 1/24*c**4 + 13*c**r + 0 - 2/3*c**3 + 0*c. Give g(4).
0
Let y(b) = -3*b**2 - 14*b + 1. Let l(m) = -m**3 - 6*m**2 - 3*m + 14. Let p be l(-4). Let h(i) = -4*i**2 - 16*i + 1. Let g(c) = p*h(c) + 7*y(c). Calculate g(-2).
17
Let p(v) be the third derivative of v**5/60 - v**4/6 - v**3 + 2*v**2. Suppose 43*h = 40*h + 18. Determine p(h).
6
Let a be ((-42)/(-9))/2*6. Let c = -355 + 368. Suppose -a*n + n = -c. Let t(x) = -17*x + 1. What is t(n)?
-16
Let k be (-24)/80*-10 + -11. Let n(o) = -o - 1. Let h(q) = -6*q - 9. Let m(b) = -h(b) + 2*n(b). Calculate m(k).
-25
Let r = 6930 - 6913. Let o(y) be the second derivative of -1/3*y**3 + 0 - r*y - 2*y**2. Determine o(4).
-12
Let p(c) = -19*c + 688. Let v be 7/(84/(-648))*(1 + 10/(-6)). What is p(v)?
4
Let v(i) = -6 + 1 + 3*i - 2*i. Suppose -4*d + 2*d = -2*h - 12, -2*h - 2 = 0. Give v(d).
0
Let y(i) be the third derivative of i**6/60 - i**5/60 + 11*i**4/24 - 3*i**3 + 2773*i**2. Calculate y(2).
16
Let g(t) be the first derivative of -4*t + 1/2*t**2 + 1. Let o be (-6)/27 - (-26228)/(-2988). Determine g(o).
-13
Suppose 25*s = 49*s + 96. Let j(n) be the first derivative of n + 2*n**2 - 1 + 1/3*n**3. What is j(s)?
1
Let d(h) = 2*h - 18. Let q(a) = 3*a - 33. Let l = 355 - 350. Let w(r) = l*d(r) - 3*q(r). Give w(-14).
-5
Let h(f) = 3*f**3 + 19*f**2 - 9*f + 6. Let c(m) = 11*m**3 - 2*m - 3*m + 2 - 2*m**2 + 11*m**2 - 10*m**3. Let r(q) = 5*c(q) - 2*h(q). What is r(6)?
-8
Suppose 80*g = -989 - 291. Let j(w) = -w**2 - 2*w**2 + 5*w**2 - 16 - w**2 + 16*w. Calculate j(g).
-16
Let g be ((-18)/4 + 4)*-34. Let f(o) = -50*o**2 + 3 + 15*o**2 + g*o**2 + 17*o**2. Calculate f(-3).
-6
Let g(m) = 14*m**3 - 21*m**2 - 9*m - 14. Let a(n) = -n**3 + 4*n**2 + n + 3. Let w(h) = 5*a(h) + g(h). What is w(2)?
61
Let u(n) be the third derivative of -n**5/120 - 11*n**4/24 + 73*n**3/6 + 3*n**2 - 7*n. Let c(l) be the first derivative of u(l). Determine c(-8).
-3
Let s be (234/26)/(45/50*25/15). Let d(g) = -2*g**3 + 5*g**2 - g + 4. Let y(l) = -l**3 - l**2 + l - 1. Let q(c) = d(c) - y(c). Calculate q(s).
-7
Let o(s) = -s**2 + 8*s + 4. Suppose -x + 1484 = 5*n, 5*n - 3*x - 523 = 945. Let r = n + -286. Give o(r).
-16
Let s be (12/(-15))/(13/65). Let w(r) = -1. Let v(y) = -y + 9. Let z(l) = -3*v(l) - 24*w(l). Determine z(s).
-15
Let i(v) = 3 + v - 5 - 2*v - 8*v. Let z = -5475 + 5474. Calculate i(z).
7
Let x(o) = o + 3. Let m(d) be the second derivative of d**5/20 - 4*d**4 - 8*d**3 - 43*d**2/2 + 270*d. Let t be m(49). Give x(t).
9
Suppose -f + 3*j = 0, -15*j = -3*f - 10*j + 4. Suppose 5*o + 8 = b + 3*o, -b + f*o + 10 = 0. Let n(m) = 7*m + 3. Calculate n(b).
31
Let m(q) = -1 + 2 - q - q + q. Let o(v) = -2*v**3 + 11*v**2 - 13*v + 3. Let y be o(4). Let a(b) = 2*b**2 - 3*b + 2. Let f(h) = y*a(h) + 6*m(h). Calculate f(-3).
-5
Let u(x) = -90 + 50 - 58 - 49 - 9*x. Determine u(-15).
-12
Let t(o) = -77*o**2 + 156*o**2 - 284 - 78*o**2 + 27*o - 49*o. Determine t(-9).
-5
Let g be 2/3*6 + -6. Let p be (10/10)/(g/12). Let j(i) be the first derivative of -i**3/3 - 4*i**2 + 6*i + 4. Determine j(p).
18
Let t(s) be the third derivative of -s**6/720 + s**5/24 - 37*s**4/24 + 65*s**2. Let u(n) be the second derivative of t(n). What is u(7)?
-2
Let a(z) = -3*z - 3. Let n be (10/(-75) - 0) + (-1723)/15. Let w = n - -109. Give a(w).
15
Let z(b) = 1284*b + 1283*b + 4 - 2573*b. Calculate z(-1).
10
Let h(z) = 70 - z - 172 + 98. Let a be (3/6)/(6/(-60)). Determine h(a).
1
Let z(b) be the first derivative of -4*b**3 + 842. Let d = 9 + -8. Calculate z(d).
-12
Let s(k) = -k**3 - k**2 + k + 6. Let b be s(0). Let a(q) = 7*q**2 + 0*q**2 + q**2 - 2*q**2 + 4 - 7*q**2 - b*q. Suppose 3*h + 8 = -13. Calculate a(h).
-3
Let p(x) be the second derivative of 7*x**3 - 215*x**2/2 + 2217*x + 1. Give p(6).
37
Let i be (-110)/30 - (-2)/3. Let x(c) be the second derivative of 5*c**3/6 + 7*c**2/2 - 10116*c. Determine x(i).
-8
Let y be (32/(-12))/(4/(-6)). Suppose y*j + 8 = 24. Let h(i) be the second derivative of -i**4/12 + 2*i**3/3 + i**2 + 6381*i. Determine h(j).
2
Let x(z) = 5*z**2 + 44*z - 128*z - 14 - z**3 + 3 + 50*z + 40*z. Determine x(6).
-11
Suppose 275 = q + c, -2*q - 5*c = -8*c - 560. Let o(r) = 2*r + r**3 + r**2 + 273 + q - 549. Determine o(-1).
-1
Let p(j) = 0 - 67*j + 217*j - 6 - 5*j**2 - 72*j - 79*j. Determine p(2).
-28
Suppose 0 = -113*u + 103*u. Let a(c) be the second derivative of -1/2*c**2 + u - 1/3*c**3 + 6*c + 7/20*c**5 + 0*c**4. Give a(-1).
-6
Let y(r) = -2*r - 45. Let u be y(-25). Let z(a) = 2*a - 44. Let q(k) be the first derivative of -k**2/2 + 29*k + 1. Let w(g) = u*z(g) + 8*q(g). Give w(-8).
-4
Let y(g) = -g**3 - 8*g**2 - 5*g + 8. Let q be 1/((-3)/(-27)) + -4 + 3. Suppose 3*r - q + 29 = 0. Give y(r).
-6
Let q = 134 - 123. Let d(o) be the third derivative of -o**4/12 + o**3/6 + 6*o**2 + 3. What is d(q)?
-21
Let f(h) = -2*h - 41. Suppose -230 = -2005*s + 2028*s. Give f(s).
-21
Let i(v) = -v**2 + 26*v - 13. Let p be i(20). Let j = p - 105. Let a(t) = 0*t**2 + 2 - 5*t**j - 3*t**3 + 7*t**2. Calculate a(2).
-14
Let y(o) = -5*o**2 - 81*o - 3. Let s(z) = -3*z**2 - 54*z - 2. Let h(d) = -8*s(d) + 5*y(d). Let p be h(27). Let k(w) = 5*w + 1. Determine k(p).
6
Suppose 5*w = 3*b + 18, 0 = -0*w + w + b - 10. Suppose 0 = 2*q - 6. Let j(y) = q*y**2 - 5*y - 21 + 2*y**2 - 4*y**2 + 17. Calculate j(w).
2
Let n(m) be the third derivative of 2*m**3 - 1/6*m**5 + 2*m + 0 + 1/12*m**4 - 1/120*m**6 - 42*m**2. Determine n(-10).
-8
Suppose -231 = -4*b + 3*w, -4*b + 4*w - 2*w = -226. Let l = b + -52. Let y(o) = -l*o**2 + 9 + o**2 - 3085*o + 3079*o. Calculate y(-7).
2
Let h(c) = -20*c - 1. Let i(g) = 7*g - 1. Let f be i(-2). Let y be f/6*(-12)/30. Determine h(y).
-21
Let p = -37 + 37. Suppose -6 = -p*a + 2*a, -4*y + a = -79. Suppose -17*d + y*d = 10. Let q(g) = -g**2 + 3*g + 2. Calculate q(d).
-8
Let b(x) = 3*x - 8. Let w(p) = -2. Let j(g) = -b(g) + 3*w(g). Suppose 3*q + 35 = 47. Determine j(q).
-10
Let l(z) = z**2 - z - 5. Let p(d) = -3*d**3 + 21*d**2 + 4. Let o be p(7). Suppose -u + 3*v = -12, 0 = o*v + 6 + 10. Determine l(u).
-5
Let d(v) be the third derivative of v**6/120 + v**5/12 - 3*v**4/4 - 5*v**3/2 - 1789*v**2. Give d(-7).
13
Let m(h) = h**2 + 3*h + 16. Suppose 0 = -2*o - 3*z + 4, 0 = -2*o + 2*z - 101